e remainder when 609 is divided by 56?
49
What is the remainder when 1501 is divided by 24?
13
Calculate the remainder when 291 is divided by 7.
4
Calculate the remainder when 2292 is divided by 164.
160
Calculate the remainder when 10533 is divided by 8.
5
What is the remainder when 1484 is divided by 32?
12
What is the remainder when 1645 is divided by 206?
203
What is the remainder when 85 is divided by 3?
1
What is the remainder when 526 is divided by 38?
32
Calculate the remainder when 1350 is divided by 271.
266
Calculate the remainder when 402 is divided by 45.
42
What is the remainder when 126 is divided by 44?
38
Calculate the remainder when 9956 is divided by 15.
11
Calculate the remainder when 148 is divided by 55.
38
What is the remainder when 139 is divided by 12?
7
Calculate the remainder when 859 is divided by 74.
45
Calculate the remainder when 146 is divided by 47.
5
What is the remainder when 1223 is divided by 25?
23
What is the remainder when 421 is divided by 95?
41
Calculate the remainder when 20669 is divided by 32.
29
What is the remainder when 2340 is divided by 3?
0
Calculate the remainder when 4333 is divided by 22.
21
What is the remainder when 7127 is divided by 132?
131
What is the remainder when 144 is divided by 115?
29
What is the remainder when 320 is divided by 151?
18
Calculate the remainder when 97 is divided by 5.
2
Calculate the remainder when 1092 is divided by 124.
100
What is the remainder when 4249 is divided by 133?
126
Calculate the remainder when 162 is divided by 24.
18
Calculate the remainder when 27921 is divided by 13.
10
What is the remainder when 68 is divided by 6?
2
What is the remainder when 16 is divided by 1?
0
Calculate the remainder when 19 is divided by 11.
8
What is the remainder when 1032 is divided by 45?
42
Calculate the remainder when 136 is divided by 129.
7
Calculate the remainder when 177 is divided by 9.
6
Calculate the remainder when 227 is divided by 109.
9
Calculate the remainder when 3804 is divided by 56.
52
What is the remainder when 120 is divided by 18?
12
Calculate the remainder when 722 is divided by 342.
38
What is the remainder when 6599 is divided by 110?
109
Calculate the remainder when 421 is divided by 109.
94
What is the remainder when 509 is divided by 17?
16
Calculate the remainder when 714 is divided by 198.
120
What is the remainder when 72 is divided by 16?
8
What is the remainder when 400 is divided by 52?
36
What is the remainder when 367 is divided by 85?
27
What is the remainder when 2374 is divided by 88?
86
What is the remainder when 451 is divided by 38?
33
Calculate the remainder when 816 is divided by 202.
8
What is the remainder when 131 is divided by 20?
11
Calculate the remainder when 144 is divided by 37.
33
What is the remainder when 2378 is divided by 119?
117
What is the remainder when 115 is divided by 36?
7
What is the remainder when 396 is divided by 104?
84
What is the remainder when 861 is divided by 36?
33
What is the remainder when 3906 is divided by 91?
84
What is the remainder when 527 is divided by 14?
9
Calculate the remainder when 751 is divided by 265.
221
Calculate the remainder when 699 is divided by 183.
150
What is the remainder when 56 is divided by 24?
8
Calculate the remainder when 292 is divided by 97.
1
What is the remainder when 3495 is divided by 175?
170
What is the remainder when 463 is divided by 174?
115
Calculate the remainder when 6311 is divided by 31.
18
Calculate the remainder when 173 is divided by 16.
13
What is the remainder when 842 is divided by 109?
79
Calculate the remainder when 469 is divided by 62.
35
What is the remainder when 7167 is divided by 7?
6
Calculate the remainder when 48527 is divided by 46.
43
What is the remainder when 64 is divided by 25?
14
What is the remainder when 24 is divided by 19?
5
Calculate the remainder when 95 is divided by 33.
29
Calculate the remainder when 18717 is divided by 98.
97
Calculate the remainder when 203 is divided by 34.
33
What is the remainder when 349 is divided by 52?
37
What is the remainder when 806 is divided by 90?
86
What is the remainder when 620 is divided by 307?
6
Calculate the remainder when 332 is divided by 42.
38
Calculate the remainder when 303 is divided by 43.
2
Calculate the remainder when 958 is divided by 80.
78
What is the remainder when 5690 is divided by 1888?
26
Calculate the remainder when 658 is divided by 15.
13
What is the remainder when 963 is divided by 57?
51
Calculate the remainder when 136 is divided by 35.
31
Calculate the remainder when 293 is divided by 286.
7
Calculate the remainder when 83 is divided by 17.
15
What is the remainder when 138 is divided by 34?
2
Calculate the remainder when 49 is divided by 44.
5
Calculate the remainder when 120 is divided by 40.
0
Calculate the remainder when 499 is divided by 136.
91
Calculate the remainder when 161 is divided by 17.
8
What is the remainder when 344 is divided by 26?
6
Calculate the remainder when 97 is divided by 6.
1
What is the remainder when 297 is divided by 25?
22
What is the remainder when 1077 is divided by 4?
1
What is the remainder when 121 is divided by 43?
35
What is the remainder when 1511 is divided by 1510?
1
What is the remainder when 646 is divided by 131?
122
What is the remainder when 222 is divided by 49?
26
What is the remainder when 452 is divided by 12?
8
Calculate the remainder when 221 is divided by 18.
5
What is the remainder when 267 is divided by 9?
6
What is the remainder when 20655 is divided by 313?
310
What is the remainder when 145 is divided by 30?
25
What is the remainder when 442 is divided by 112?
106
What is the remainder when 10880 is divided by 9?
8
What is the remainder when 71 is divided by 40?
31
Calculate the remainder when 203 is divided by 16.
11
What is the remainder when 335 is divided by 135?
65
Calculate the remainder when 1008 is divided by 504.
0
What is the remainder when 12 is divided by 7?
5
Calculate the remainder when 201 is divided by 174.
27
What is the remainder when 11625 is divided by 68?
65
What is the remainder when 295 is divided by 63?
43
Calculate the remainder when 6366 is divided by 245.
241
What is the remainder when 90 is divided by 85?
5
What is the remainder when 15922 is divided by 65?
62
What is the remainder when 346 is divided by 42?
10
What is the remainder when 153 is divided by 7?
6
Calculate the remainder when 281 is divided by 6.
5
Calculate the remainder when 3089 is divided by 30.
29
Calculate the remainder when 320 is divided by 11.
1
What is the remainder when 412 is divided by 222?
190
Calculate the remainder when 207 is divided by 19.
17
What is the remainder when 662 is divided by 24?
14
What is the remainder when 124 is divided by 64?
60
What is the remainder when 1028 is divided by 39?
14
Calculate the remainder when 1142 is divided by 378.
8
Calculate the remainder when 376 is divided by 13.
12
Calculate the remainder when 685 is divided by 223.
16
Calculate the remainder when 13113 is divided by 61.
59
What is the remainder when 665 is divided by 95?
0
Calculate the remainder when 18240 is divided by 14.
12
Calculate the remainder when 221 is divided by 111.
110
What is the remainder when 1855 is divided by 20?
15
Calculate the remainder when 52 is divided by 11.
8
What is the remainder when 145 is divided by 16?
1
Calculate the remainder when 323 is divided by 66.
59
What is the remainder when 103 is divided by 89?
14
Calculate the remainder when 368 is divided by 75.
68
Calculate the remainder when 313 is divided by 157.
156
What is the remainder when 134 is divided by 50?
34
What is the remainder when 38 is divided by 10?
8
Calculate the remainder when 840 is divided by 11.
4
Calculate the remainder when 58 is divided by 49.
9
What is the remainder when 787 is divided by 36?
31
What is the remainder when 608 is divided by 154?
146
What is the remainder when 115 is divided by 26?
11
What is the remainder when 1302 is divided by 36?
6
What is the remainder when 283 is divided by 16?
11
Calculate the remainder when 170 is divided by 91.
79
What is the remainder when 150 is divided by 11?
7
What is the remainder when 1916 is divided by 27?
26
What is the remainder when 